rime number?
True
Let o be 10/(-40) - (-9)/4. Suppose o*g = -2*g + 8. Suppose g*i - 4*y - 2514 = 0, -y - 2523 = -i - i. Is i a composite number?
True
Let q(w) = 2*w**3 + 27*w**2 - 16*w - 23. Let t be q(-14). Is -5 + 20212/t + (-4)/10 prime?
False
Let u = 232 - 229. Suppose -5*i + u*r = -0*i - 4187, 4*r = -2*i + 1680. Is i a prime number?
False
Suppose -15 = 3*p, -4*p - 703805 = -5*v - 0*p. Is v composite?
True
Suppose 39*g = 4*g + 66883390. Is g/50 - 8/100 composite?
False
Is (91228/6)/((-36)/(-27))*2 a composite number?
False
Let c = 28 + -30. Let q be 1 - -2 - 1*c. Suppose 360 = 5*j - q*p, j - 4*p - 84 = p. Is j a prime number?
False
Let z(s) = -s**2 - 8*s + 4. Let w be z(-8). Is 11850 - w/((-24)/30) a composite number?
True
Suppose 0 = -2*u + 3869 + 6531. Let s = 8327 - u. Is s a prime number?
False
Let t(l) = -l**2 + 23*l + 26. Let o be t(30). Let p = 2283 + o. Is p prime?
True
Let y be (-1)/(4/(-10)) + (-72)/(-144). Suppose y*q = 8*q + 10, 2*q = 4*p - 14232. Is p composite?
False
Let f(z) = z**3 - 5*z**2 + 8*z - 13. Let i be f(4). Suppose -10286 = -i*t + 5*n + 25894, 0 = 3*n + 9. Is t a composite number?
True
Is (-25)/725 + 1175864/29 a composite number?
True
Let o(l) = -1855*l + 171. Is o(-14) a composite number?
False
Let u(w) be the first derivative of 16*w**4 + w**3/3 + w**2 + 4*w - 1. Suppose -5*r + 22 = 4*t, -r + 5 = 14*t - 13*t. Is u(t) composite?
False
Suppose -7269040 = -104*h + 24*h. Is h composite?
False
Suppose 15*z - 14*z - 39796 = 0. Suppose -5*j - 2186 + z = 0. Is j a composite number?
True
Let q = 4113 + 974. Is q composite?
False
Suppose -2*a = 26 - 34. Suppose 0 = -3*q - p + 14863, 3*q + a*p + 19828 = 7*q. Is q prime?
False
Is 8/(-10) + 1*-2 + 1772136/120 composite?
True
Suppose 43 = -l + 50. Let b = l - 4. Suppose 3*d - 3182 = -r, -3*d = -0*d - b*r - 3186. Is d prime?
True
Let x(p) = 475*p**2 + 2*p + 3. Let i = -58 + 56. Let k be x(i). Suppose -3*m + 4*h + k = 2*m, 0 = m + h - 378. Is m a composite number?
False
Suppose 25*s = 28*s - 21909. Let j = s + -5060. Is j prime?
True
Suppose 2237 - 297 = 148*q + 46*q. Let u(y) = -12*y**2 + y - 20. Let p(i) = 11*i**2 - i + 19. Let w(c) = 3*p(c) + 2*u(c). Is w(q) prime?
True
Let s = -57538 + 194169. Is s composite?
True
Let d(x) = -1121*x + 716. Is d(-37) a prime number?
True
Let d = 251 - 63. Suppose -2*n - 5*l + d = -117, -l = 5*n - 774. Is n prime?
False
Suppose 6*h + 2 + 16 = 0. Is 36/(-4)*1877/h a prime number?
False
Let c = 127 + -112. Is 212118/c - 11/55 a composite number?
True
Suppose 155*v - 33310 = -4*l + 153*v, -2*l - 4*v = -16646. Is l a composite number?
False
Let j = -96 - -98. Suppose -314 = j*x + 4*w - 2492, 0 = -5*x - 5*w + 5440. Is x a composite number?
False
Is (7274456/(-56))/((3 - 2)*-1) a prime number?
True
Suppose 3*h + 20444 = -2149. Let l = 76 - h. Is l a prime number?
True
Suppose 0 = 50146*y - 50158*y + 384380 + 1439512. Is y prime?
False
Suppose 2*u - 172 = -444. Let l = 94 + u. Let b = 79 - l. Is b a composite number?
True
Let v be 1576/2 - 10/10*-5. Let n = 1644 - v. Is n a prime number?
False
Suppose -5 = -2*j + 3. Let u(q) = 13 - 11*q + 7*q - q**2 + j*q**2 - 3*q. Is u(8) a composite number?
False
Suppose -1959895 - 1392649 = -208*v. Is v prime?
False
Let z = -361852 + 658454. Suppose -67*m + z = -699487. Is m prime?
True
Let y = -111 - -115. Suppose 2*r = y*r - 2, -3*h - 3*r + 13680 = 0. Is h a prime number?
False
Is 65987 + 15 + 56/(-7) + 5 prime?
False
Let h(v) = 11873*v - 896. Is h(47) prime?
False
Suppose -r - 15*l - 5559366 = -4*r, -3*l - 5559330 = -3*r. Is r composite?
False
Suppose 11075 = 252*r - 247*r. Suppose -2*w - 401 = -r. Is w composite?
False
Let v(b) = -7*b + 14. Let g(n) = 6*n - 14. Let a(r) = 6*g(r) + 5*v(r). Let i be a(8). Is 1324/i*(-6)/4 a prime number?
True
Suppose 7739221 = 68*a + 1893057. Is a composite?
True
Suppose 1414010 = 24*j - 22*j - 5*o, -5*o = j - 706945. Is j prime?
False
Let g be ((-24)/(-10))/(0 - (-8)/100). Let l be (20/12)/((-2)/(-6)). Is (g/4)/l*(-662)/(-3) a prime number?
True
Let v = 133663 - 52382. Is v a composite number?
False
Suppose -9 = -2*c + 5*c. Let r be (263/c)/(11/(-165)). Suppose -4*x + m + 8188 = 0, x + 5*m - 732 = r. Is x prime?
False
Let j(p) = -7316*p - 1203. Is j(-5) a prime number?
False
Let z be 6/(-4) - 3/(-2). Let c be (-1 + z)/(12/(-24252)). Suppose 5*f - c = 24. Is f prime?
True
Suppose -10831386 - 889184 = -230*a. Is a a prime number?
False
Let n(q) = 1797*q - 2512. Is n(13) composite?
False
Let l = -921365 - -2541300. Is l prime?
False
Let w(b) = b**3 - 7*b**2 + 11*b - 9. Let r be w(5). Is ((-237)/(-3))/(r - (-93)/23) prime?
False
Let l(i) = 1573*i + 614321. Is l(0) a composite number?
False
Let y(v) = 6*v**2 + 2*v + 1. Let i be y(1). Suppose 5*n = i*n - 20. Suppose -n*m + 402 + 2153 = 0. Is m composite?
True
Let j(v) = 149*v**2 - 25*v. Let g be j(2). Let r be 1338/8 - 1/4. Let m = g + r. Is m a composite number?
True
Let a be 75/10*10/25. Let k(f) = -a*f**2 + 46*f - 57*f + 8*f**2 - 9. Is k(7) a prime number?
False
Let j = 1 + 4. Suppose 3 = j*g - 12. Suppose g*s = s + 4822. Is s a prime number?
True
Suppose -4*o + o - 4*h = -70, 4*o + h - 89 = 0. Suppose -16*m = -o*m + 63486. Is m composite?
True
Let y be 2 + (-7)/4 + 5261081/(-196). Let w = y + 37745. Is w a prime number?
True
Suppose 14*o = 9*o + 55. Let z = o + -10. Is (z - (-2)/(-4))*(-2334)/(-3) a composite number?
False
Let j = 233627 + -47236. Is j a composite number?
False
Let s = 860 - 861. Is (28113 - (-2 + s)) + (5 - 4) composite?
True
Let r(u) = 5*u**3 + 20*u**2 - 44*u - 40. Let k(t) = -4*t**3 - 21*t**2 + 46*t + 41. Let f(g) = 6*k(g) + 5*r(g). Is f(25) prime?
True
Suppose 0 = 4*p + b - 9, -12 = -2*p + 2*b. Suppose -8 = -2*h, -2*n + 0*h + p*h = -3568. Suppose 2*m - n = 4*v, -279 = 3*m - 3*v - 2952. Is m a composite number?
False
Suppose -27*k - 11*k = 2*k - 7462040. Is k prime?
True
Let s(w) = 2*w**2 - 24*w + 6613. Is s(0) composite?
True
Suppose -31824817 = -126*l + 843329. Is l prime?
True
Let u = 15591 - -124412. Is u prime?
False
Let t(r) = 8*r**2 + r + 2. Let c be t(-2). Suppose -c*j + 35*j - 9 = 0. Suppose -j*q + 2*q = -1163. Is q prime?
True
Suppose -25 = 4*b - a, -4*b + 0*b - 31 = a. Let f(n) be the second derivative of -85*n**3/6 + 14*n**2 + 2*n + 22. Is f(b) a composite number?
True
Suppose 0 = 11*c - 907352 + 245999. Suppose -35616 = -21*d + c. Is d a prime number?
False
Suppose -19*s + 21*s - 1920 = 0. Suppose -7*v + s = -2*v. Let j = v - -143. Is j a prime number?
False
Let u be (3/3 - 1)/1. Let h(x) = x**3 - 7*x**2 + 9*x - 13. Let s be h(6). Suppose s*c - 686 - 1359 = u. Is c a composite number?
False
Suppose -4*b + 4*s + 1311764 = 0, 432857 = -4*b + s + 1744621. Is b composite?
False
Let t(j) = 2*j**3 - 13*j**2 + 3*j + 32. Let g be t(11). Let s = 1641 - g. Is s a composite number?
False
Suppose 0 = -4*p - 4*n + 4, 15 = p + 4*p - 5*n. Suppose 4*x + p*m - 11626 = -3038, -m - 2153 = -x. Is x composite?
True
Let n(g) = -g**2 - 3*g + 36. Let d be n(4). Suppose -d*p + 9569 = -64871. Is p composite?
True
Let r be (-2)/4 - ((-2882685)/(-10))/(-13). Let m = r - 10433. Is m composite?
True
Let a = 22453 + -13326. Is a a prime number?
True
Let k = 179557 - 27246. Is k prime?
True
Suppose 130*n = 117*n + 143. Suppose -n*i + 40938 = -8*i. Is i a prime number?
False
Suppose 16*v - 26797 = v + 38918. Is v a composite number?
True
Let i(u) = 90*u**2 + 87*u - 113. Is i(20) prime?
False
Is (-33914)/(-3)*9/6 prime?
False
Let b(p) = 12*p**2 - 54*p + 617. Is b(-51) a composite number?
False
Let v(h) = -8*h**3 + 22*h**2 - 103*h - 92. Is v(-29) a prime number?
True
Let s(w) = w**3 - w**2 - 3*w - 3. Let o be s(3). Suppose v + 2*t + 3 = -o, -4*v + 2*t = -14. Let r(q) = 210*q**2 + 2*q - 1. Is r(v) a composite number?
False
Suppose -694980 = 80*s - 85*s - 20945. Is s a composite number?
False
Suppose -9*q = -12*q + 3*m - 9, -2*q - m = -9. Suppose 5*b + 5064 = 4*y, b - 3672 = -q*y - 1154. Is y a prime number?
False
Let g(j) = -1085*j + 81. Suppose -2*c - 12 = 2*c + p, -c - 2*p = -4. Is g(c) composite?
False
Suppose -32528 = 20*r - 106748. Is r prime?
False
Let p(c) = c**3 - 9*c**2 - 7*c - 21. Let n = 134 + -124. Let i be p(n). Suppose -930 = 3*h - i*h. Is h a composite number?
True
Let f = -610 - 916. Let k = f + 2405. Is k comp